6 (base 12) in base 15?
-886
What is -4875 (base 10) in base 13?
-22b0
14132 (base 5) to base 2
10010001111
30252 (base 7) to base 9
11053
12313020 (base 4) to base 2
110110111001000
Convert 1110101101 (base 2) to base 7.
2513
Convert -24526 (base 8) to base 6.
-120554
-10001100001010 (base 2) to base 7
-35103
-306d (base 16) to base 12
-7211
What is -2106 (base 9) in base 5?
-22140
What is -1300311 (base 5) in base 2?
-110000111111001
-389 (base 10) to base 15
-1ae
What is 13166 (base 8) in base 14?
214a
-889 (base 13) to base 5
-21330
Convert 101020 (base 4) to base 12.
774
What is 304 (base 8) in base 4?
3010
-43cc (base 13) to base 9
-13874
Convert -32033 (base 5) to base 6.
-13531
4507 (base 10) to base 3
20011221
Convert -13201 (base 4) to base 14.
-265
-101112 (base 3) to base 15
-13e
Convert 2530 (base 6) to base 4.
21312
Convert -1101110 (base 3) to base 5.
-13021
-312 (base 11) to base 9
-457
Convert -2376 (base 12) to base 13.
-1a70
What is -177163 (base 8) in base 10?
-65139
What is 8da1 (base 16) in base 8?
106641
214a (base 12) to base 13
1885
What is 20273 (base 10) in base 2?
100111100110001
What is 7785 (base 12) in base 6?
141045
What is -374 (base 10) in base 4?
-11312
Convert -72764 (base 10) to base 12.
-36138
What is -204252 (base 6) in base 16?
-4088
What is -12301 (base 5) in base 9?
-1266
Convert -629 (base 16) to base 14.
-809
What is -25423 (base 11) in base 8?
-107136
What is 1755 (base 15) in base 14?
1b94
Convert -2414334 (base 5) to base 12.
-22035
Convert -76376 (base 8) to base 9.
-47803
What is 10100 (base 5) in base 15?
2d5
Convert -1138 (base 11) to base 15.
-698
-10121333 (base 4) to base 15
-5532
What is 1141013 (base 5) in base 11?
1507a
652 (base 15) to base 10
1427
-1000010110001010 (base 2) to base 3
-1201220011
Convert -13b04 (base 12) to base 15.
-823d
Convert 10d64 (base 14) to base 7.
230454
Convert 239 (base 14) to base 6.
2015
What is -f2f (base 16) in base 12?
-22bb
-2432 (base 11) to base 16
-c6d
131212 (base 4) to base 7
5344
What is 366 (base 7) in base 16?
c3
Convert -1100001101110 (base 2) to base 6.
-44542
What is 2051 (base 6) in base 10?
463
12428 (base 10) to base 7
51143
-195b (base 13) to base 8
-7322
Convert -100100110000 (base 2) to base 10.
-2352
Convert -5666 (base 10) to base 11.
-4291
What is 285 (base 9) in base 16?
ef
Convert 346 (base 12) to base 8.
746
Convert -2131 (base 6) to base 11.
-403
What is -4a2 (base 12) in base 4?
-22322
What is 15150 (base 12) in base 2?
111001110001100
4412 (base 15) to base 13
6740
Convert b7a2 (base 15) to base 7.
221162
What is 924 (base 13) in base 3?
2010110
What is -22 (base 6) in base 14?
-10
What is 754 (base 16) in base 13?
b14
Convert 1616 (base 14) to base 3.
12101221
What is 30400 (base 6) in base 2?
111111000000
What is -1867 (base 14) in base 10?
-4403
What is -124511 (base 7) in base 5?
-1220414
What is -296 (base 11) in base 9?
-425
Convert -1925 (base 10) to base 3.
-2122022
What is 2111101 (base 3) in base 15?
814
Convert 946 (base 11) to base 7.
3215
23a43 (base 12) to base 14
13791
-1ba2 (base 14) to base 13
-23ab
What is 31230 (base 5) in base 14?
a77
Convert 51a (base 14) to base 5.
13004
1110011000 (base 2) to base 5
12140
Convert -24421 (base 8) to base 13.
-4a29
What is -21563 (base 7) in base 2?
-1010100111011
-1222022 (base 3) to base 2
-10110011111
What is 198 (base 13) in base 3?
101220
Convert -4404 (base 13) to base 16.
-24fc
Convert -1323 (base 13) to base 7.
-10653
What is 1314 (base 13) in base 8?
5241
Convert 101100002 (base 3) to base 6.
54515
-140b1 (base 14) to base 15
-ea32
Convert 30576 (base 10) to base 11.
20a77
What is 553 (base 6) in base 12?
159
-7a3 (base 13) to base 4
-110210
Convert -6d42 (base 16) to base 4.
-12311002
Convert -111011001110 (base 2) to base 14.
-154a
-5303 (base 15) to base 2
-100010010010001
What is 31 (base 9) in base 16?
1c
What is -113002 (base 6) in base 12?
-5762
Convert 1509 (base 12) to base 2.
100110011001
101 (base 2) to base 10
5
What is -11502 (base 6) in base 15?
-77e
What is -2027 (base 10) in base 13?
-bcc
What is -22103 (base 5) in base 10?
-1528
What is 464 (base 10) in base 15?
20e
-1747 (base 9) to base 12
-937
What is -1203130 (base 4) in base 7?
-24361
What is 130361 (base 7) in base 5?
1233300
Convert -32421 (base 5) to base 16.
-8bc
-1105 (base 7) to base 14
-205
Convert ac (base 13) to base 5.
1032
What is -50844 (base 9) in base 14?
-c2c5
Convert -1201100 (base 3) to base 12.
-883
Convert -4771 (base 8) to base 11.
-1a11
What is -12122210 (base 3) in base 6?
-31033
297 (base 15) to base 6
2424
Convert 123213 (base 4) to base 2.
11011100111
-413410 (base 5) to base 13
-6267
-7356 (base 13) to base 2
-11111001010101
1564 (base 8) to base 12
618
Convert 271a (base 14) to base 2.
1101011100100
-29a (base 11) to base 14
-1b1
Convert 10b (base 13) to base 8.
264
What is 5403 (base 6) in base 11?
a16
105 (base 13) to base 2
10101110
285 (base 15) to base 7
1451
Convert 18912 (base 10) to base 2.
100100111100000
Convert 492 (base 11) to base 6.
2413
Convert -4972 (base 10) to base 6.
-35004
Convert 15a0 (base 15) to base 14.
19a2
-1035144 (base 6) to base 10
-51688
What is 363 (base 11) in base 15?
1dc
What is -772 (base 11) in base 10?
-926
What is -274 (base 15) in base 6?
-2331
7071 (base 14) to base 10
19307
What is 22300 (base 4) in base 13?
40c
Convert 1021300 (base 4) to base 12.
2894
Convert -237 (base 16) to base 2.
-1000110111
-111312 (base 6) to base 13
-4385
What is 36 (base 16) in base 7?
105
What is 112201012 (base 3) in base 10?
10724
What is 4165 (base 7) in base 8?
2674
-766 (base 10) to base 14
-3ca
Convert 56a5 (base 11) to base 9.
11248
Convert 8 (base 9) to base 16.
8
Convert 12133 (base 5) to base 3.
1021000
Convert -1221 (base 8) to base 16.
-291
Convert 53596 (base 10) to base 15.
10d31
Convert -1112122 (base 3) to base 7.
-3164
319 (base 16) to base 3
1002101
What is -6319 (base 12) in base 6?
-122033
What is 275 (base 8) in base 11?
162
-8531 (base 9) to base 15
-1cca
Convert 10112121 (base 3) to base 16.
a15
Convert -310 (base 11) to base 7.
-1043
What is -10200212 (base 4) in base 12?
-a832
What is -177dc (base 15) in base 6?
-1344000
What is 514 (base 7) in base 5?
2011
-16a0 (base 14) to base 11
-3061
Convert 2001 (base 3) to base 15.
3a
Convert 1c77 (base 16) to base 4.
1301313
-234 (base 14) to base 13
-279
Convert -633 (base 13) to base 12.
-740
Convert 75 (base 16) to base 11.
a7
Convert 8861 (base 9) to base 3.
22222001
-53251 (base 6) to base 5
-212411
-19 (base 15) to base 8
-30
-3121 (base 5) to base 4
-12123
Convert 42002 (base 7) to base 13.
48b9
What is -526 (base 9) in base 7?
-1152
-201121 (base 4) to base 13
-c85
What is 124535 (base 7) in base 13?
a778
What is -14436 (base 8) in base 2?
-1100100011110
Convert -10040 (base 7) to base 3.
-10022222
-21aa (base 11) to base 12
-181b
15b4b (base 14) to base 11
37928
Convert -5760 (base 11) to base 12.
-4468
2010112 (base 3) to base 8
3021
What is 1101000010011100 (base 2) in base 10?
53404
What is 5244 (base 6) in base 12?
824
What is -792 (base 16) in base 8?
-3622
11033 (base 5) to base 11
639
What is 8437 (base 9) in base 10?
6190
Convert -74b (base 12) to base 10.
-1067
14000 (base 5) to base 15
500
-2122112 (base 4) to base 9
-14485
-3162 (base 7) to base 12
-796
-6272 (base 14) to base 16
-423c
Convert 19ac (base 14) to base 6.
33324
What is 13107 (base 9) in base 15?
2941
Convert 21022 (base 3) to base 6.
525
-5350 (base 9) to base 2
-111101011101
4518 (base 13) to base 7
40101
What is 2061 (base 7) in base 9?
1000
What is 12511 (base 11) in base 5?
1033140
-23131 (base 5) to base 13
-9b2
-2262 (base 10) to base 16
-8d6
2813 (base 12) to base 4
1020033
What is 3333 (base 4) in base 9?
313
What is -5403 (base 6) in base 10?
-1227
Convert 11464 (base 13) to base 3.
1121020021
1230 (base 5) to base 15
ca
What is -1752 (base 9) in base 5?
-20333
Convert -4423 (base 14) to base 12.
-69a7
-16 (base 14) to base 15
-15
-851 (base 13) to base 3
-1221112
1a902 (base 12) to base 2
1001100110010010
What is 1501a (base 12) in base 9?
44284
What is 175a (base 12) in base 11?
2121
What is e655 (base 15) in base 6?
1013212
What is -332 (base 5) in base 13?
-71
Convert -bc3 (base 1